tors of 1481?
1481
What are the prime factors of 205?
5, 41
List the prime factors of 48488.
2, 11, 19, 29
List the prime factors of 7467.
3, 19, 131
What are the prime factors of 20566?
2, 7, 13, 113
What are the prime factors of 520?
2, 5, 13
What are the prime factors of 1502?
2, 751
List the prime factors of 9180.
2, 3, 5, 17
List the prime factors of 8257.
23, 359
What are the prime factors of 745?
5, 149
What are the prime factors of 28844?
2, 7211
What are the prime factors of 15496?
2, 13, 149
List the prime factors of 6949.
6949
List the prime factors of 2025.
3, 5
What are the prime factors of 1466?
2, 733
What are the prime factors of 1201?
1201
List the prime factors of 94191.
3, 31397
What are the prime factors of 33617?
33617
List the prime factors of 10230.
2, 3, 5, 11, 31
List the prime factors of 4635.
3, 5, 103
List the prime factors of 16682.
2, 19, 439
List the prime factors of 9948.
2, 3, 829
List the prime factors of 2070.
2, 3, 5, 23
List the prime factors of 73727.
73727
What are the prime factors of 88625?
5, 709
List the prime factors of 839.
839
List the prime factors of 20087.
53, 379
What are the prime factors of 10891?
10891
What are the prime factors of 11207?
7, 1601
List the prime factors of 13011.
3, 4337
What are the prime factors of 1877?
1877
What are the prime factors of 27445?
5, 11, 499
What are the prime factors of 4385?
5, 877
List the prime factors of 2774.
2, 19, 73
List the prime factors of 938.
2, 7, 67
List the prime factors of 1460.
2, 5, 73
What are the prime factors of 452?
2, 113
What are the prime factors of 4817?
4817
What are the prime factors of 8615?
5, 1723
List the prime factors of 660.
2, 3, 5, 11
List the prime factors of 14751.
3, 11, 149
What are the prime factors of 13210?
2, 5, 1321
List the prime factors of 3650.
2, 5, 73
What are the prime factors of 1772?
2, 443
What are the prime factors of 1222?
2, 13, 47
List the prime factors of 189.
3, 7
List the prime factors of 21475.
5, 859
What are the prime factors of 2369?
23, 103
List the prime factors of 3450.
2, 3, 5, 23
What are the prime factors of 3028?
2, 757
List the prime factors of 3797.
3797
List the prime factors of 3779.
3779
List the prime factors of 45641.
45641
What are the prime factors of 60903?
3, 67, 101
List the prime factors of 3074.
2, 29, 53
What are the prime factors of 11?
11
What are the prime factors of 4453?
61, 73
What are the prime factors of 20392?
2, 2549
What are the prime factors of 742?
2, 7, 53
What are the prime factors of 2064?
2, 3, 43
What are the prime factors of 11980?
2, 5, 599
List the prime factors of 1819.
17, 107
What are the prime factors of 14519?
14519
What are the prime factors of 10623?
3, 3541
What are the prime factors of 2551?
2551
What are the prime factors of 2268?
2, 3, 7
List the prime factors of 14217.
3, 7, 677
List the prime factors of 1801.
1801
What are the prime factors of 5160?
2, 3, 5, 43
List the prime factors of 53741.
61, 881
List the prime factors of 2514.
2, 3, 419
What are the prime factors of 12955?
5, 2591
List the prime factors of 770.
2, 5, 7, 11
What are the prime factors of 1065?
3, 5, 71
List the prime factors of 3104.
2, 97
What are the prime factors of 3854?
2, 41, 47
List the prime factors of 14101.
59, 239
What are the prime factors of 20528?
2, 1283
List the prime factors of 12016.
2, 751
What are the prime factors of 531?
3, 59
List the prime factors of 4371.
3, 31, 47
What are the prime factors of 3584?
2, 7
List the prime factors of 2216.
2, 277
List the prime factors of 1936.
2, 11
List the prime factors of 1448.
2, 181
What are the prime factors of 471?
3, 157
What are the prime factors of 10164?
2, 3, 7, 11
What are the prime factors of 2114?
2, 7, 151
List the prime factors of 5466.
2, 3, 911
List the prime factors of 38534.
2, 19267
What are the prime factors of 895?
5, 179
List the prime factors of 1765.
5, 353
List the prime factors of 24127.
23, 1049
List the prime factors of 4821.
3, 1607
What are the prime factors of 17309?
19, 911
List the prime factors of 3840.
2, 3, 5
What are the prime factors of 5468?
2, 1367
What are the prime factors of 4306?
2, 2153
What are the prime factors of 3002?
2, 19, 79
List the prime factors of 2340.
2, 3, 5, 13
List the prime factors of 14881.
23, 647
What are the prime factors of 313?
313
What are the prime factors of 4811?
17, 283
What are the prime factors of 12890?
2, 5, 1289
List the prime factors of 3504.
2, 3, 73
List the prime factors of 40115.
5, 71, 113
List the prime factors of 19428.
2, 3, 1619
List the prime factors of 4188.
2, 3, 349
What are the prime factors of 5553?
3, 617
What are the prime factors of 83410?
2, 5, 19, 439
What are the prime factors of 35820?
2, 3, 5, 199
What are the prime factors of 5515?
5, 1103
What are the prime factors of 4953?
3, 13, 127
What are the prime factors of 439?
439
What are the prime factors of 6658?
2, 3329
What are the prime factors of 719?
719
List the prime factors of 7756.
2, 7, 277
What are the prime factors of 258?
2, 3, 43
List the prime factors of 7188.
2, 3, 599
What are the prime factors of 124670?
2, 5, 7, 13, 137
What are the prime factors of 27627?
3, 9209
List the prime factors of 2670.
2, 3, 5, 89
List the prime factors of 609.
3, 7, 29
What are the prime factors of 3586?
2, 11, 163
What are the prime factors of 4932?
2, 3, 137
List the prime factors of 46386.
2, 3, 859
What are the prime factors of 7705?
5, 23, 67
What are the prime factors of 1223?
1223
What are the prime factors of 595?
5, 7, 17
What are the prime factors of 65001?
3, 47, 461
List the prime factors of 7352.
2, 919
List the prime factors of 127130.
2, 5, 12713
What are the prime factors of 798?
2, 3, 7, 19
List the prime factors of 16142.
2, 7, 1153
List the prime factors of 3113.
11, 283
What are the prime factors of 13275?
3, 5, 59
What are the prime factors of 22950?
2, 3, 5, 17
What are the prime factors of 53?
53
What are the prime factors of 105145?
5, 17, 1237
What are the prime factors of 4563?
3, 13
List the prime factors of 749.
7, 107
List the prime factors of 14804.
2, 3701
What are the prime factors of 1285?
5, 257
List the prime factors of 9095.
5, 17, 107
List the prime factors of 2114.
2, 7, 151
What are the prime factors of 80?
2, 5
What are the prime factors of 3662?
2, 1831
What are the prime factors of 1457?
31, 47
List the prime factors of 50031.
3, 17, 109
List the prime factors of 2474.
2, 1237
What are the prime factors of 8231?
8231
List the prime factors of 1170.
2, 3, 5, 13
List the prime factors of 3592.
2, 449
List the prime factors of 10669.
47, 227
List the prime factors of 904.
2, 113
List the prime factors of 10069.
10069
What are the prime factors of 7141?
37, 193
List the prime factors of 17916.
2, 3, 1493
List the prime factors of 8522.
2, 4261
List the prime factors of 2471.
7, 353
What are the prime factors of 60694?
2, 30347
What are the prime factors of 1018?
2, 509
What are the prime factors of 5572?
2, 7, 199
What are the prime factors of 8355?
3, 5, 557
List the prime factors of 711.
3, 79
List the prime factors of 1249.
1249
What are the prime factors of 4811?
17, 283
What are the prime factors of 350?
2, 5, 7
List the prime factors of 53322.
2, 3, 8887
List the prime factors of 1098.
2, 3, 61
List the prime factors of 1613.
1613
What are the prime factors of 2162?
2, 23, 47
List the prime factors of 9068.
2, 2267
What are the prime factors of 457?
457
List the prime factors of 9842.
2, 7, 19, 37
List the prime factors of 168617.
168617
What are the prime factors of 56281?
23, 2447
What are the prime factors of 55702?
2, 27851
List the prime factors of 46760.
2, 5, 7, 167
What are the prime factors of 2349?
3, 29
List the prime factors of 37059.
3, 11, 1123
List the prime factors of 1043.
7, 149
What are the prime factors of 7097?
47, 151
List the prime factors of 854.
2, 7, 61
List the prime factors of 7113.
3, 2371
What are the prime factors of 1199?
11, 109
What are the prime factors of 12836?
2, 3209
List the prime factors of 5581.
5581
What are the prime factors of 861?
3, 7, 41
What are the prime factors of 18267?
3, 6089
List the prime factors of 19714.
2, 9857
List the prime factors of 3702.
2, 3, 617
What are 